.
2, 5, 467437
List the prime factors of 6867688654.
2, 3433844327
List the prime factors of 7709836382.
2, 1889, 2040719
List the prime factors of 3373524679.
7, 481932097
What are the prime factors of 495754394?
2, 163, 1520719
List the prime factors of 883142320.
2, 5, 73, 97, 1559
What are the prime factors of 254810543?
13, 1483, 13217
List the prime factors of 713584893.
3, 7, 61, 79579
What are the prime factors of 1977536478?
2, 3, 97, 3397829
List the prime factors of 2046594369.
3, 3467, 196769
List the prime factors of 870017742.
2, 3, 11, 4394029
What are the prime factors of 353373260?
2, 5, 41, 47, 53, 173
What are the prime factors of 61584303?
3, 11, 1866191
What are the prime factors of 1945805749?
131, 2741, 5419
What are the prime factors of 583523027?
367, 1589981
What are the prime factors of 30835597?
13, 2371969
List the prime factors of 20991579.
3, 7, 999599
List the prime factors of 465807063.
3, 23, 6750827
List the prime factors of 76003103.
11, 31, 222883
List the prime factors of 1261682249.
677, 1863637
What are the prime factors of 2821189650?
2, 3, 5, 18807931
List the prime factors of 54656181.
3, 397, 5099
What are the prime factors of 24093297?
3, 107, 127, 197
What are the prime factors of 163978431?
3, 23, 61, 38959
What are the prime factors of 107737695?
3, 5, 13, 19, 359
List the prime factors of 1061081623.
7, 21654727
List the prime factors of 28322473.
29, 976637
What are the prime factors of 39238700?
2, 5, 359, 1093
List the prime factors of 26276343.
3, 8758781
What are the prime factors of 25520980?
2, 5, 1276049
What are the prime factors of 1047308561?
13, 80562197
List the prime factors of 187595616.
2, 3, 13, 191, 787
What are the prime factors of 92071384?
2, 907, 12689
List the prime factors of 89059775.
5, 7, 508913
List the prime factors of 42607536.
2, 3, 887657
What are the prime factors of 103705291?
103705291
List the prime factors of 2245613274.
2, 3, 3209, 12959
What are the prime factors of 591290017?
277, 2134621
What are the prime factors of 677935993?
7, 31, 3124129
What are the prime factors of 90893428?
2, 587, 38711
What are the prime factors of 10715982?
2, 3, 1153, 1549
List the prime factors of 465971201.
11839, 39359
List the prime factors of 155403244.
2, 47, 826613
What are the prime factors of 3594120409?
11, 47, 6951877
List the prime factors of 279718216.
2, 34964777
List the prime factors of 72177299.
72177299
What are the prime factors of 401212114?
2, 200606057
What are the prime factors of 120473148?
2, 3, 19, 528391
List the prime factors of 1325191471.
1325191471
List the prime factors of 127025492.
2, 11, 617, 4679
What are the prime factors of 130707513?
3, 193, 929
List the prime factors of 536632014.
2, 3, 137, 652837
List the prime factors of 903129255.
3, 5, 7, 2867077
List the prime factors of 136921700.
2, 5, 1369217
List the prime factors of 44109420.
2, 3, 5, 735157
What are the prime factors of 449821892?
2, 13, 79, 8423
List the prime factors of 148587763.
148587763
List the prime factors of 111287964.
2, 3, 29, 199, 1607
List the prime factors of 372632672.
2, 59, 197369
What are the prime factors of 62581361?
62581361
List the prime factors of 1110068334.
2, 3, 20556821
What are the prime factors of 1651366493?
7, 71, 474667
What are the prime factors of 1710272256?
2, 3, 7, 11, 28921
List the prime factors of 110010478.
2, 55005239
List the prime factors of 115569767.
31, 43, 181, 479
List the prime factors of 1332685850.
2, 5, 4133, 6449
List the prime factors of 419092101.
3, 19, 2450831
What are the prime factors of 9245314?
2, 13, 17, 1609
List the prime factors of 3884162231.
8209, 473159
List the prime factors of 46550976.
2, 3, 242453
What are the prime factors of 230830680?
2, 3, 5, 151, 12739
What are the prime factors of 240673619?
240673619
List the prime factors of 3378724394.
2, 1689362197
List the prime factors of 512091296.
2, 157, 101929
What are the prime factors of 1779541384?
2, 29, 139, 397
List the prime factors of 137461079.
7, 19637297
List the prime factors of 169702443.
3, 73, 258299
List the prime factors of 82047800.
2, 5, 410239
What are the prime factors of 4054154689?
13, 23989081
List the prime factors of 135482352.
2, 3, 761, 3709
What are the prime factors of 49441739?
53, 932863
List the prime factors of 61092929.
6053, 10093
What are the prime factors of 38961192?
2, 3, 103, 15761
List the prime factors of 154656141.
3, 41, 83, 15149
List the prime factors of 22268555.
5, 17, 261983
List the prime factors of 42716423.
42716423
List the prime factors of 29390515.
5, 7, 11, 97, 787
List the prime factors of 2400939574.
2, 11, 109133617
List the prime factors of 3530158272.
2, 3, 43, 142529
List the prime factors of 7471327.
599, 12473
List the prime factors of 62192798.
2, 1033, 30103
List the prime factors of 18822497.
18822497
List the prime factors of 145526805.
3, 5, 47, 83, 829
What are the prime factors of 3521237269?
11, 31, 10326209
List the prime factors of 466500654.
2, 3, 19, 454679
List the prime factors of 1805371995.
3, 5, 7, 383, 44893
What are the prime factors of 170241545?
5, 61, 223, 2503
List the prime factors of 16717970.
2, 5, 17, 43, 2287
List the prime factors of 533697209.
31, 43, 9311
List the prime factors of 580728303.
3, 173, 372979
List the prime factors of 102300331.
7, 14614333
List the prime factors of 145339907.
145339907
What are the prime factors of 14850942?
2, 3, 2475157
What are the prime factors of 138730529?
7, 107, 185221
What are the prime factors of 952939238?
2, 79, 6031261
What are the prime factors of 318637944?
2, 3, 1831, 2417
List the prime factors of 72145553.
72145553
What are the prime factors of 528390796?
2, 277, 476887
List the prime factors of 662066876.
2, 31, 5339249
List the prime factors of 4131750771.
3, 17, 631, 42797
What are the prime factors of 25523950?
2, 5, 631, 809
List the prime factors of 400071572.
2, 337, 449, 661
What are the prime factors of 335002045?
5, 7, 929, 10303
List the prime factors of 380671638.
2, 3, 3433, 18481
What are the prime factors of 252949781?
7, 36135683
List the prime factors of 67202804.
2, 37, 167, 2719
List the prime factors of 77091789.
3, 25697263
List the prime factors of 474308597.
7, 67758371
List the prime factors of 72054819.
3, 31, 2777
What are the prime factors of 28408468?
2, 11, 645647
What are the prime factors of 26128698?
2, 3, 881, 4943
What are the prime factors of 1248117667?
1248117667
What are the prime factors of 342719994?
2, 3, 431, 132529
What are the prime factors of 165131005?
5, 13, 557, 4561
List the prime factors of 5214535957.
1061, 4914737
What are the prime factors of 865109406?
2, 3, 7, 19, 154871
What are the prime factors of 5047632894?
2, 3, 17, 197, 251201
List the prime factors of 1642104451.
13, 126315727
List the prime factors of 328273741.
89, 3688469
What are the prime factors of 2807571707?
2807571707
What are the prime factors of 47511897?
3, 15837299
List the prime factors of 4327822496.
2, 1861, 72673
What are the prime factors of 168000814?
2, 84000407
List the prime factors of 37328179.
7, 19, 59, 67, 71
What are the prime factors of 2508471053?
11, 8161, 27943
List the prime factors of 627113992.
2, 78389249
What are the prime factors of 3421795?
5, 13, 61, 863
What are the prime factors of 1283140420?
2, 5, 47, 1365043
List the prime factors of 1422826375.
5, 31, 367181
What are the prime factors of 99771275?
5, 3990851
List the prime factors of 5050938077.
1031, 4899067
List the prime factors of 135038361.
3, 17, 43, 139, 443
What are the prime factors of 430765185?
3, 5, 43, 53, 12601
What are the prime factors of 1397592615?
3, 5, 1319, 70639
What are the prime factors of 1504412264?
2, 191, 984563
What are the prime factors of 1571040360?
2, 3, 5, 61, 7949
What are the prime factors of 1068215221?
1068215221
List the prime factors of 403013944.
2, 1373, 36691
What are the prime factors of 2976545123?
29, 102639487
List the prime factors of 315939572.
2, 13, 29, 53, 59, 67
List the prime factors of 12173858.
2, 6086929
List the prime factors of 504765088.
2, 17, 54581
What are the prime factors of 550522274?
2, 59, 281, 16603
List the prime factors of 832770